*p = -41, -g - g - 3*p = -7. What are the prime factors of g?
2
Let t be (-9)/(-7) + (-4)/14. Let a(y) = 9*y - 1. Let h be a(t). Suppose -5*x + f = -24, -5*f = 2*x - f + h. What are the prime factors of x?
2
Suppose -2*n - 3*n + 2*c = -16, -3*n - 4*c = 6. Suppose -g - n = -2*g. What are the prime factors of 63/6 - 1/g?
2, 5
Let z(t) = -7*t + 7. Suppose -l = 2 + 4. List the prime factors of z(l).
7
Suppose -2*s + 0*g = g - 27, -3*s - 5*g = -23. List the prime factors of s.
2
Suppose -854 = 41*r - 48*r. List the prime factors of r.
2, 61
Suppose -1232 = v - 6*v - 2*y, y + 737 = 3*v. What are the prime factors of v?
2, 3, 41
Suppose -40 = -3*p + 11. What are the prime factors of 1 - (-5 - -2 - p)?
3, 7
Suppose 5*r + k = 2*r + 2, 4*r - 2*k = 6. Let j = 3 + r. List the prime factors of j.
2
Let a(d) = -d**3 + 7*d**2 - 10*d + 11. List the prime factors of a(5).
11
Let w(h) = -h + 26. Let y be w(0). Let j be (1 - 3)*y/4. Let z = -5 - j. What are the prime factors of z?
2
Let b be 6/(-4)*(-860)/(-15). Let k = b - -133. List the prime factors of k.
47
Let p(g) = g**2 + 6*g + 11. Let b be p(-11). Suppose b = 2*q - 2*t, 0*q + 3*t = 5*q - 175. List the prime factors of q.
2, 19
Let w = -2 - -3. Let t(x) = 23*x**3 + x**2 - x - 1. What are the prime factors of t(w)?
2, 11
Let i be -3 - (-1 - (1 - 2)). Let v be (2/(-3))/(i/18). What are the prime factors of v*(-2 - -4 - -1)?
2, 3
Let v = -85 + 194. What are the prime factors of v?
109
What are the prime factors of (-6)/(-9) - (-50)/6?
3
Let h be -10*(0 - (-1)/(-2)). Let t = h + 19. What are the prime factors of t?
2, 3
Let x = -6 + 9. Let m(s) = s**2 + s**2 + 4 - 4*s - 4*s - x*s**2. What are the prime factors of m(-6)?
2
Let w = 30 + -12. List the prime factors of w.
2, 3
List the prime factors of (-4)/(-6) + 0 + 6672/36.
2, 3, 31
Let s(o) be the first derivative of 3*o**2/2 - 9*o - 5. What are the prime factors of s(4)?
3
Suppose f = 2 + 23. Let s = -18 + f. Suppose s*b - 3*v - 52 = 2*b, 51 = 5*b - 4*v. What are the prime factors of b?
11
Suppose 0*k = 2*k - 20. List the prime factors of k.
2, 5
Let k = 45 - 63. Suppose -5*l + 72 = -53. Let i = k + l. List the prime factors of i.
7
Let h be 11/(10/(-4) - -2). Let r(a) = -a**2 - 4*a + 12. Let k be r(-9). Let x = h - k. List the prime factors of x.
11
Let q(g) = 3*g**2 + 2*g - 1. Let a be q(1). What are the prime factors of 6*1*2/a?
3
Let t = -4 + 7. Suppose j - t*j = -10. What are the prime factors of j?
5
Suppose -5*a = 5*p - 350, -4*a = 3*p - p - 290. Suppose -3*t + 0*t = -a. What are the prime factors of t?
5
Suppose -70 + 215 = 5*a. List the prime factors of a.
29
Let k(c) = -17*c + 15. List the prime factors of k(-5).
2, 5
Let f(t) = 2*t**3 + t**2. Let h be f(1). Suppose 0 = 4*g - g - h. Suppose -w - 3*c = -g - 3, 3*w - 36 = 3*c. What are the prime factors of w?
2, 5
Let n(k) = 5*k + 0*k - 3 + 7*k. List the prime factors of n(2).
3, 7
Let u = -2 - 1. List the prime factors of -26*(u + 10/4).
13
Suppose -2*p + 14 = 2*o, 2*o - 5*p = -8 - 6. Suppose v = -t + 1 - 2, -o = t. Suppose 5*x + 7 = -w, v + 0 = 4*w + 5*x. List the prime factors of w.
3
Let d = 120 + -75. List the prime factors of d.
3, 5
Suppose 29 + 29 = 2*h. List the prime factors of h.
29
Let h(d) = 6*d**3 + 6*d**2 + 10*d + 1. Let o(z) = 5*z**3 + 6*z**2 + 9*z + 1. Let y(w) = -4*h(w) + 5*o(w). List the prime factors of y(-4).
13
Suppose -2*j + 23 = -d - 17, -2*d = 0. Suppose -6*q + j = -2*q. List the prime factors of q.
5
Suppose -4*p + 4*t = -68, -4*p + 0*t = -2*t - 76. Let u = p - 8. List the prime factors of u.
13
Let d(v) = 20*v**2 - 2*v - 1. Suppose 5*g = 5*x + 15, 3*g = x + 5*g - 3. Let c be d(x). Suppose -2*u - c = -3*u. What are the prime factors of u?
3, 7
Suppose -87 = -3*x + 2*z - 19, 0 = 3*x + z - 74. What are the prime factors of x?
2, 3
Let f be (4 + -4)*(-1)/(-1). Suppose 5*s - 26 = -r + 5*r, 2*s + 5*r + 16 = f. Suppose -3*h - 23 = -4*z, s*z + 3*h + 2*h = 31. List the prime factors of z.
2
Suppose -24 = z - 0. What are the prime factors of z/10*(-160)/12?
2
Suppose -5*w + 32 = -4*t, 4*t + 5 = 4*w - 23. Suppose -2*o + 0 = -2*p + 10, 4*o = -w*p + 4. Suppose 8 = p*i - 7. What are the prime factors of i?
5
Let v(m) = m**2 + 3*m - 7. Let n be v(-5). Suppose -3*f + n*x + x = 3, -2*f - 5*x + 21 = 0. Suppose -4*t + 9 = -f. What are the prime factors of t?
3
Let c(l) = l**2 - 6*l - 6. Let v be c(5). Let r be 90/(-4) - 1/(-2). Let y = v - r. List the prime factors of y.
11
Let g(i) = i + 15. What are the prime factors of g(11)?
2, 13
Let s be (5/(-4))/(2/8). Let l = s - -7. Suppose f = 4*a - 31, -2*a + 5*f = l*f - 3. List the prime factors of a.
3
List the prime factors of 122/(-3)*(-27)/6.
3, 61
Let k(q) = -7 - q + 8 + 4 + 12. What are the prime factors of k(5)?
2, 3
What are the prime factors of 1656/9 - (-3 + 6)?
181
List the prime factors of (99/(-15))/((-4)/20).
3, 11
Suppose -w - 2*w + r = -776, -3*w = -2*r - 781. List the prime factors of w.
257
Let t(n) = 9*n**2 + 7. List the prime factors of t(3).
2, 11
Let m(k) = k - 2. Let t be m(5). Let i(g) = -2*g**2 + 6*g - 12. Let j(o) = -o**2 - 1. Let b(v) = t*j(v) - i(v). What are the prime factors of b(-7)?
2
Let n(l) = -9*l + 1. Let a be n(3). Let z = 15 - 33. Let b = z - a. List the prime factors of b.
2
Let m(q) = 5*q**3 - 3*q**3 - 3*q - 3 - q**3 - 4*q**2. Let y be m(5). Suppose 2*f = -4*g + 42, -g - 4*f + 21 = y. List the prime factors of g.
2, 5
Suppose 0 = 7*x - 3*x. Suppose -4*g + 112 = p - 4*p, -2*g + 3*p + 62 = x. List the prime factors of g.
5
Suppose 8 = u - 2*f, 0 = -2*u + 5*f - 0 + 19. Suppose d - u*l + 4 = -4*l, 3*l - 30 = 3*d. Let x = -2 - d. What are the prime factors of x?
2, 3
Let t(j) = -4*j**3 + j - 6. Let q(w) = -5*w**3 - w**2 - 7. Let o(m) = -3*q(m) + 4*t(m). What are the prime factors of o(3)?
3
Suppose -36 - 114 = -6*b. List the prime factors of b.
5
Suppose 0 = -3*q + 184 + 80. List the prime factors of q.
2, 11
Suppose -10 = -3*k - 4. Suppose -k*h = -0*h. List the prime factors of h - ((-15)/3 - -2).
3
Let m = -2 - -2. Suppose 2*r + r - 6 = m. Suppose 0*z + 8 = r*z. List the prime factors of z.
2
Let v = 5 + -3. Let w(a) = 3*a - 2. Let d be w(v). List the prime factors of (6/d)/((-9)/(-12)).
2
Suppose -3*q - 19 = 2*r, 95 = -5*r + 5*q - 15. Let o = 23 + r. List the prime factors of o.
2, 3
Suppose -5*l - g = -60, -5*l - 4*g + 60 = -0*g. List the prime factors of l.
2, 3
Let g(i) = -2*i + 1. What are the prime factors of g(-6)?
13
Let q(p) = -p**3 + 6*p**2 + 6*p - 7. Let m be q(5). Suppose 3*j - 18 = -m. List the prime factors of (0 + (-3)/6)*j.
5
Suppose -3*o - 30 = 60. What are the prime factors of (-4)/o + 388/15?
2, 13
List the prime factors of 0*(-5)/15 - -45.
3, 5
Let c(i) = i**3 + 5*i + 2 - 4*i**2 - 1 - 6. What are the prime factors of c(4)?
3, 5
Let w(p) = -p**3 + 21*p**2 - 18*p - 17. What are the prime factors of w(20)?
23
Suppose c - 5*c + 388 = 4*i, 5*i - 5*c = 455. List the prime factors of i.
2, 47
Let s be -6*(-16)/18*-3. Let r = 31 + s. What are the prime factors of r?
3, 5
Suppose 13 = 4*b - 43. List the prime factors of (-3 - (-22)/b)*-7.
2, 5
Suppose 0 = 3*p + m - 21, 5*m = 3*p - 1 - 2. Let a(r) = -r**2 + 8*r + 5. List the prime factors of a(p).
17
Let d be 44 + ((-12)/(-2))/3. What are the prime factors of (d/(-8))/((-1)/4)?
23
Let q = 124 + -63. What are the prime factors of q?
61
Let x(o) = -o**3 - 4*o**2 - 3*o. Let n be x(-4). Suppose 5*h - n - 3 = 0. List the prime factors of h.
3
Let d be 3 + -1*(-6)/(-2). Suppose -t + 16 + 6 = d. What are the prime factors of t?
2, 11
Suppose 0 = 3*z + 134 - 617. List the prime factors of z.
7, 23
Let m be ((-3)/4)/(1/(-4)). Suppose 3*d + 2*u - 16 = d, 0 = -d - m*u + 18. What are the prime factors of d?
3
Suppose 2*p + 4*d - 120 = 0, -5*p - 4*d = -255 - 33. What are the prime factors of p?
2, 7
Let b be 3 - (3 + 0) - 0. Let s be (-2)/(-1)*-5 - b. Let o = s - -20. List the prime factors of o.
2, 5
Let r(t) = 5*t**2 - 3*t**2 + 2 + 3 - 3*t - t**2. List the prime factors of r(5).
3, 5
Suppose 8 = x + 3*x, d = -4*x + 130. List the prime factors of d.
2, 61
Let p = 0 + 8. Suppose 0 = -4*g + 4*q - p, -4*q - 4 = 2*g - 24. List the prime factors of g.
2
Let m(j) be the third derivative of -j**5/60 - 11*j**4/24 - j**2. Let s be m(-6). Suppose -d - s = -3*d. What a